96817 a prime number?
True
Is 3547426829 a composite number?
False
Is 1024127941 a prime number?
False
Is 729826783 composite?
True
Is 39994610179 a composite number?
False
Is 916811607 composite?
True
Is 59822223809 a prime number?
True
Is 51434039 a prime number?
False
Is 1693831511 composite?
True
Is 233860787 prime?
True
Is 6851612717 a prime number?
True
Is 465302351 prime?
False
Is 652050263 composite?
False
Is 21888058267 composite?
False
Is 2793679606 composite?
True
Is 3814581391 a prime number?
False
Is 192769312927 a composite number?
False
Is 1251941671 composite?
False
Is 39417486121 a prime number?
False
Is 3303663721 a prime number?
True
Is 1963538333 a composite number?
True
Is 8751149299 prime?
False
Is 227118611 a prime number?
False
Is 71609579 composite?
True
Is 195808637659 a composite number?
False
Is 7587238639 a prime number?
False
Is 4520262653 a prime number?
True
Is 827677187 prime?
False
Is 716806631 a prime number?
True
Is 79112351 prime?
True
Is 30873746251 a composite number?
False
Is 2754817553 a composite number?
False
Is 5614458929 a composite number?
False
Is 31151233933 a composite number?
True
Is 40887578981 prime?
True
Is 7434159307 a composite number?
False
Is 509611813 prime?
False
Is 313500191 composite?
True
Is 107235883 composite?
True
Is 11862133499 prime?
True
Is 8944294837 a prime number?
True
Is 17282497 composite?
False
Is 4188366359 composite?
False
Is 7448011429 a prime number?
False
Is 58900867 composite?
True
Is 7890338177 composite?
True
Is 25321920199 a composite number?
True
Is 11192630161 prime?
True
Is 359276017 composite?
False
Is 72942400607 composite?
False
Is 1578713063 composite?
True
Is 1212776419 a composite number?
False
Is 13745049827 a composite number?
False
Is 70636783253 composite?
False
Is 86547841 a prime number?
True
Is 126366173 a composite number?
True
Is 1501762267 a prime number?
True
Is 138693316379 prime?
False
Is 22709317957 a composite number?
False
Is 508748551 prime?
True
Is 13130532737 a prime number?
False
Is 2704108042 a prime number?
False
Is 891686779 composite?
False
Is 2289971731 prime?
True
Is 22622314537 a composite number?
True
Is 10200274151 composite?
False
Is 3020467543 a composite number?
True
Is 2931398751 a composite number?
True
Is 3795944813 a prime number?
True
Is 13099817 composite?
True
Is 18341399834 prime?
False
Is 44415561761 composite?
False
Is 577170667 a prime number?
False
Is 19320878179 a prime number?
False
Is 16267595023 a prime number?
True
Is 1436779789 a prime number?
True
Is 19105300117 prime?
True
Is 34411589 composite?
True
Is 52183977289 prime?
True
Is 12287908469 prime?
True
Is 173239878913 prime?
True
Is 3904997 a composite number?
False
Is 1845167 a prime number?
True
Is 614761441 a composite number?
True
Is 16008569 composite?
True
Is 2733795314 a composite number?
True
Is 1680840583 prime?
True
Is 41630599 a composite number?
True
Is 173614429 prime?
False
Is 162248479 composite?
False
Is 465713585 a composite number?
True
Is 84342751 a prime number?
True
Is 124511368151 prime?
False
Is 343838809 a prime number?
True
Is 1372941247 prime?
False
Is 8977987793 a prime number?
False
Is 2148665737 a prime number?
False
Is 14551185707 composite?
False
Is 482025277 a composite number?
False
Is 71270025847 a composite number?
False
Is 2910954769 prime?
True
Is 1789025207 prime?
True
Is 4923815007 a composite number?
True
Is 220612283 a composite number?
False
Is 39140114347 prime?
True
Is 13664150681 a prime number?
False
Is 15689244539 a composite number?
False
Is 310359517 composite?
True
Is 3275727043 composite?
False
Is 6072167657 a composite number?
False
Is 192066517 composite?
False
Is 5643881781 prime?
False
Is 24676909401 prime?
False
Is 6938200007 a prime number?
True
Is 4272588847 prime?
True
Is 54188009 composite?
True
Is 244552534169 a prime number?
True
Is 36221257 a composite number?
True
Is 32753410633 a composite number?
False
Is 10275720293 a prime number?
False
Is 94887691097 prime?
True
Is 955821967 a composite number?
True
Is 3382659947 a composite number?
False
Is 51501262907 a composite number?
False
Is 38656418623 composite?
True
Is 9425483103 prime?
False
Is 1024679927 a composite number?
False
Is 138092331301 prime?
False
Is 1638355831 composite?
True
Is 147641927 prime?
True
Is 15077344621 a prime number?
True
Is 3380113171 a prime number?
True
Is 6229987469 prime?
True
Is 301042999 a composite number?
False
Is 76976665462 a composite number?
True
Is 5081776621 composite?
True
Is 1022296409 a prime number?
False
Is 2478163373 prime?
False
Is 57555911797 a composite number?
True
Is 361059377 prime?
False
Is 57272095547 prime?
True
Is 2186380051 a composite number?
True
Is 24225422609 a composite number?
False
Is 24829801561 composite?
False
Is 30358283 prime?
True
Is 65540387669 composite?
True
Is 93706079 a composite number?
False
Is 1044672733 composite?
True
Is 50383661087 a prime number?
True
Is 137538852857 composite?
True
Is 5841343 prime?
False
Is 1697439466 prime?
False
Is 900390011 composite?
True
Is 4947553409 a composite number?
False
Is 324636529 prime?
False
Is 4162829941 prime?
False
Is 1051174837 a composite number?
False
Is 348709726639 a prime number?
True
Is 2736247607 composite?
False
Is 19492980211 prime?
False
Is 135735206141 a prime number?
True
Is 137541557471 a composite number?
False
Is 1259190679 a prime number?
True
Is 248011867 composite?
True
Is 7000212887 prime?
True
Is 14982572123 a composite number?
True
Is 37527456431 composite?
False
Is 10402463969 a prime number?
True
Is 1935844399 a composite number?
False
Is 2967036763 a prime number?
True
Is 8527914511 composite?
False
Is 384395867 prime?
True
Is 2807799047 a composite number?
False
Is 108954827 a composite number?
True
Is 4682466953 a composite number?
True
Is 227214619 a prime number?
False
Is 1995082783 a prime number?
False
Is 9278684893 prime?
True
Is 24748197841 prime?
True
Is 732670049 a composite number?
True
Is 660446341 a prime number?
True
Is 263455362481 prime?
False
Is 11517034303 a composite number?
False
Is 32760293789 a composite number?
True
Is 66897547511 prime?
True
Is 29048069 a prime number?
True
Is 309689518 a prime number?
False
Is 800651497 composite?
False
Is 430260949 a composite number?
False
Is 3263147509 a composite number?
False
Is 675743951 composite?
False
Is 321151687 composite?
True
Is 407024583655 composite?
True
Is 783980362109 a prime number?
False
Is 46487182793 composite?
False
Is 638027219 prime?
True
Is 65342868103 prime?
True
Is 1261845503 a prime number?
True
Is 35123538059 prime?
True
Is 181592891 prime?
True
Is 4359571691 prime?
True
Is 34915369087 a composite number?
True
Is 109101021037 a prime number?
False
Is 200891843 composite?
False
Is 1914167093 composite?
False
Is 61284633233 a prime number?
False
Is 6187170649 prime?
False
Is 568160233 a composite number?
False
Is 196618937357 a composite number?
False
Is 11593398631 a composite number?
True
Is 143759660129 a prime number?
True
Is 13812895423 a composite number?
False
Is 294969659 a prime number?
True
Is 5241919381 a prime number?
False
Is 40989271355 a prime number?
False
Is 51986021 prime?
False
Is 17852463641 a composite number?
True
Is 33761366803 a composite number?
False
Is 182482621957 a prime number?
False
Is 13628361709 prime?
False
Is 3688311617 a prime number?
True
Is 22883343061 composite?
False
Is 649716502 prime?
False
Is 31359624653 a composite number?
True
Is 6414864647 a prime number?
False
Is 22023994667 composite?
False
Is 79302529 prime?
True
Is 1004313581 a prime number?
False
Is 169313629487 composite?
False
Is 219381817 composite?
True
Is 7846859807 prime?
True
Is 14873114027 a prime number?
True
Is 5605699651 a composite number?
True
Is 33831173 composite?
True
Is 20394871037 a prime number?
True
Is 982139177 prime?
True
Is 6288108257 a composite number?
True
Is 5184044479 a prime number?
True
Is 608613262 prime?
False
Is 819272117 a prime number?
True
Is 692183031 a prime number?
False
Is 700646921 a composite number?
True
Is 745132705 prime?
False
Is 25002148879 prime?
False
Is 4243451639 a composite number?
True
Is 57944708501 a prime number?
False
Is 6509889877 prime?
False
Is 4